{"id":23,"date":"2009-03-05T09:36:00","date_gmt":"2009-03-05T08:36:00","guid":{"rendered":"http:\/\/creflatte.izsler-wp.glauco.it\/pagamento-latte-qualita\/"},"modified":"2023-06-28T17:05:18","modified_gmt":"2023-06-28T15:05:18","slug":"pagamento-latte-qualita","status":"publish","type":"page","link":"https:\/\/www.izsler.it\/creflatte\/pagamento-latte-qualita\/","title":{"rendered":"Pagamento Latte Qualit\u00e0"},"content":{"rendered":"<p align=\"left\"><span style=\"font-family: Arial;\"><strong>Pagamento del latte in base alla qualita&#8217;<\/strong><\/span><\/p>\n<p>La valutazione qualitativa del latte e la conseguente determinazione del prezzo di compravendita, nasce decenni orsono, dall&#8217;esigenza sostanzialmente economico-commerciale di conoscere, dal punto di vista analitico, la materia alla stalla per poter migliorare i prodotti che con essa vengono &#8220;fabbricati&#8221;. Si era ancora lontani tanto dalle normative nazionali quanto da quelle comunitarie di settore, ma ancor di pi\u00f9 dalle recenti politiche di sicurezza alimentare; eppure nel settore lattiero-caseario nasce il primo esempio di &#8220;controllo di filiera&#8221;, su base volontaria, di tutto il comparto agroalimentare. La Lombardia ha rappresentato il primo esempio di applicazione su larga scala delle disposizioni previste dalla Legge n\u00b0 88 del 1988 che istituiva il sistema di pagamento in base alla qualit\u00e0 (antecedente realizzato soltanto su base locale , ad esempio, nell&#8217;area del Parmigiano Reggiano o in Provincia di Brescia).<\/p>\n<p align=\"left\"><span style=\"font-family: Arial;\">Con l&#8217;intervento della Legge 169\/89 e relativi D.M. per il latte alimentare, e del successivo DPR 54 del 1997 per il latte ed i prodotti a base di latte si va delineando la possibilit\u00e0 di utilizzare il sistema di pagamento differenziato anche quale fonte di informazioni per il monitoraggio del prodotto e la sorveglianza sanitaria negli allevamenti fino alla sicurezza alimentare per il consumatore.<\/span><\/p>\n<p align=\"left\"><span style=\"font-family: Arial;\"><span style=\"font-size: xx-small;\"><span style=\"font-size: small;\">Con i Regolamenti Comunitari del pacchetto Igiene il sistema di pagamento differenziato \u00e8 diventato di fatto un sistema di autocontrollo sui-generis in quanto organizzato ed applicato in modo uniforme, controllato, regolato a livello generale. Alle tradizionali finalit\u00e0 di ripartizione economica e di miglioramento della qualit\u00e0 dei prodotti , si ricollegano quindi direttamente quelle di rispetto dei pre-requisiti igienici e di garanzia di salubrit\u00e0 per la sicurezza alimentare. Il Pagamento in base alla qualit\u00e0 \u00e8 dunque oggi, ed ormai da anni, una fonte inestimabile di informazioni anche sanitarie per il sistema sanitario regionale ed in particolare per la sua componente veterinaria nel suo ruolo di responsabile della garanzia di salubrit\u00e0 dei prodotti alimentari.<\/span><\/span><\/span><\/p>\n<p align=\"left\"><span style=\"font-family: Arial;\"><span style=\"font-size: xx-small;\"><span style=\"font-size: small;\">Anche in relazione a queste funzioni di sistema di autocontrollo \u00e8 sorta l&#8217;esigenza di aggiornare il documento di riferimento che definisce le regole applicative del sistema di pagamento differenziato nella nostra regione . Il testo precedente infatti era stato revisionato in pi\u00f9 occasioni rispetto alla versione originale del 1989, ma risultava comunque in gran parte superato e inapplicabile. Con il Coordinamento delle DG Agricoltura e Sanit\u00e0 della Regione Lombardia \u00e8 stato istituito, a partire dal 2013, un gruppo di lavoro, cui il Centro di Referenza ha attivamente partecipato che ho prodotto ed aggiornato le \u00a0&#8220;PRESCRIZIONI DI CARATTERE TECNICO E ORGANIZZATIVO PER L&#8217;ATTUAZIONE PRATICA DI SISTEMI DI PAGAMENTO DEL LATTE IN BASE ALLA QUALIT\u00c0 &#8211; REGIONE LOMBARDIA&#8217; &#8211; DIREZIONE GENERALE AGRICOLTURA, ALIMENTAZIONE E SISTEMI VERDI &#8211; DECRETO N. 16657 Del 15\/11\/2018 Identificativo Atto n. 651&#8221;.<\/span><\/span><\/span><\/p>\n<p><span style=\"font-family: Arial;\">&#8211; <a href=\"http:\/\/www.izsler.it\/creflatte\/pagamento-latte-qualita\/tabella-parametri-di-pagamento\/\">Tabella dei parametri di pagamento differenziato attualmente in vigore<\/a><br \/>\n<span style=\"font-family: Arial;\">&#8211; <a href=\"http:\/\/www.izsler.it\/creflatte\/dati-analitici-qualita-del-latte\/\">Qualita&#8217; del Latte in Lombardia, Emilia Romagna ed in alcune altre regioni italiane<\/a><br \/>\n&#8211; <a href=\"\/wp-content\/uploads\/sites\/16\/2023\/05\/Reg_Lombardia_Decreto_16657_del_15_11_2018.pdf\" target=\"_blank\" rel=\"noopener\"><strong>NEW: Reg. Lombardia Decreto 16657 del 15-11-2018<\/strong><\/a><br \/>\n&#8211; <a href=\"\/wp-content\/uploads\/sites\/16\/2023\/05\/PRESCRIZIONI-Pagamento-Latte-Qualita_Regione-Lombardia-2019.pdf\" target=\"_blank\" rel=\"noopener\"><strong>NEW: Reg. Lombardia &#8211; PRESCRIZIONI Pagamento Latte Qualit\u00e0 2019<\/strong><\/a><\/span><\/span><\/p>\n<div><\/div>\n","protected":false},"excerpt":{"rendered":"<p>Pagamento del latte in base alla qualita&#8217; La valutazione qualitativa del latte e la conseguente determinazione del prezzo di compravendita, nasce decenni orsono, dall&#8217;esigenza sostanzialmente economico-commerciale di conoscere, dal punto di vista analitico, la materia alla stalla per poter migliorare i prodotti che con essa vengono &#8220;fabbricati&#8221;. Si era ancora lontani tanto dalle normative nazionali [&hellip;]<\/p>\n","protected":false},"author":18,"featured_media":0,"parent":0,"menu_order":0,"comment_status":"open","ping_status":"open","template":"","meta":{"ip_address":"","user_agent":"","level":"","revision":"","cookie_id":"","page_referer":"","html_form":""},"_links":{"self":[{"href":"https:\/\/www.izsler.it\/creflatte\/wp-json\/wp\/v2\/pages\/23"}],"collection":[{"href":"https:\/\/www.izsler.it\/creflatte\/wp-json\/wp\/v2\/pages"}],"about":[{"href":"https:\/\/www.izsler.it\/creflatte\/wp-json\/wp\/v2\/types\/page"}],"author":[{"embeddable":true,"href":"https:\/\/www.izsler.it\/creflatte\/wp-json\/wp\/v2\/users\/18"}],"replies":[{"embeddable":true,"href":"https:\/\/www.izsler.it\/creflatte\/wp-json\/wp\/v2\/comments?post=23"}],"version-history":[{"count":1,"href":"https:\/\/www.izsler.it\/creflatte\/wp-json\/wp\/v2\/pages\/23\/revisions"}],"predecessor-version":[{"id":223,"href":"https:\/\/www.izsler.it\/creflatte\/wp-json\/wp\/v2\/pages\/23\/revisions\/223"}],"wp:attachment":[{"href":"https:\/\/www.izsler.it\/creflatte\/wp-json\/wp\/v2\/media?parent=23"}],"curies":[{"name":"wp","href":"https:\/\/api.w.org\/{rel}","templated":true}]}}