{"id":31,"date":"2009-03-24T15:50:00","date_gmt":"2009-03-24T14:50:00","guid":{"rendered":"http:\/\/creflatte.izsler-wp.glauco.it\/dati-analitici-qualita-del-latte\/cellule-somatiche\/"},"modified":"2009-03-24T15:50:00","modified_gmt":"2009-03-24T14:50:00","slug":"cellule-somatiche","status":"publish","type":"page","link":"https:\/\/www.izsler.it\/creflatte\/dati-analitici-qualita-del-latte\/cellule-somatiche\/","title":{"rendered":"Cellule somatiche"},"content":{"rendered":"<div><em>Utilizzate quale indicatore di sanit\u00e0 e benessere mammario, sono uno degli indicatori pi\u00f9 utili e diretti riguardanti le decisioni relative alla gestione aziendale nel suo complesso ed alla profilassi della mastite in particolare. Le cellule somatiche rappresentano inoltre un indicatore indiretto di composizioni indesiderate nei processi di caseificazione ed una delle cause di riduzione dei tempi di conservazione per il latte U.H.T.<br \/>\n Il limite legale \u00e8 di 400.000 cellule\/ml calcolato come Media Geometrica di almeno un campione al mese per tre mesi successivi, viene fornito come risultato aggiuntivo ad ogni campionamento eseguito nel corso dell&#8217;anno. Per il latte di Alta Qualit\u00e0 cos\u00ec come per quello destinato, crudo alla vendita diretta il limite a livello regionale \u00e8 stato fissato a 300.000. Resta comunque da ricordare che in termini generali ed in particolare per le mandrie di elevate dimensione nelle aziende a conduzione manageriale l&#8217;obbiettivo reale (e redditizio) per questo parametro \u00e8 ormai il mantenimento costante nel corso dell&#8217;anno al di sotto di 200.000 cellule\/ml.<\/em><\/p>\n<table border=\"0\" cellpadding=\"4\" cellspacing=\"10\" summary=\"\">\n<tbody>\n<tr>\n<td><a href=\"\/pls\/izs_bs\/v3_s2ew_consultazione.fotina?didascalia=&#038;url=%2Fizs_bs%2Fallegati%2F525%2FCelluleAnnuale%2Ejpg&#038;id_pagina=525\" onclick=\"window.open(' \/pls\/izs_bs\/v3_s2ew_consultazione.fotina?didascalia=&#038;url=%2Fizs_bs%2Fallegati%2F525%2FCelluleAnnuale%2Ejpg&#038;id_pagina=525','foto','width=300,height=310,left=80,top=80,scrollbars=no,resizable=yes,');return(false);\" title=\" - clicca per ingrandire\"><img decoding=\"async\" alt=\"\" src=\"\/izs_bs\/allegati\/525\/CelluleAnnuale.jpg\" style=\"width: 350px;\" \/><\/a><br \/>\n \t\t\tPremere sul grafico per ingrandire<\/td>\n<td><a href=\"\/pls\/izs_bs\/v3_s2ew_consultazione.fotina?didascalia=&#038;url=%2Fizs_bs%2Fallegati%2F525%2FCelluleNONConformi%2Ejpg&#038;id_pagina=525\" onclick=\"window.open(' \/pls\/izs_bs\/v3_s2ew_consultazione.fotina?didascalia=&#038;url=%2Fizs_bs%2Fallegati%2F525%2FCelluleNONConformi%2Ejpg&#038;id_pagina=525','foto','width=300,height=310,left=80,top=80,scrollbars=no,resizable=yes,');return(false);\" title=\" - clicca per ingrandire\"><img decoding=\"async\" alt=\"\" src=\"\/izs_bs\/allegati\/525\/CelluleNONConformi.jpg\" style=\"width: 350px;\" \/><\/a><br \/>\n \t\t\tPremere sul grafico per ingrandire<\/td>\n<\/tr>\n<\/tbody>\n<\/table>\n<p>Nel corso del 2019 si \u00e8 osservato un leggero decremento del dato medio annuale che ha riportato la situazione nell&#8217;ambito osservato negli anni precedenti dopo il leggero aumento del 2018. Ci\u00f2 \u00e8 confermato dalla quota di campioni &#8220;non conformi&#8221; del secondo grafico (numero di campioni con valore di cellule somatiche superiore al limite di 400.000) ormai solidamente attestata al di sotto del 10 %. Se si tiene conto che una quota non limitata di questa casistica \u00e8 attribuibile a mandrie di piccole dimensioni nelle quali, soprattutto nel periodo estivo, gli incrementi occasionali sono pi\u00f9 frequenti, la situazione complessiva del prodotto regionale appare complessivamente pi\u00f9 che soddisfacente. Va infatti considerato che le reali condizioni di latte non conforme si configurano soltanto quando la media geometrica dei campionamenti (almeno 3) in tre mesi successivi producono un valore di Media Geometrica superiore ai limiti indicati. Il numero di allevamenti interessati \u00e8 quindi decisamente inferiore a quello indicato dai campioni superiori al limite: indicativamente si pu\u00f2 stimare che meno del 3 % degli allevamenti in regione vengano interessati da situazione di osservazione e controlli aggiuntivi e, di questi, una parte molto ridotta risulta poi interessata da provvedimenti di limitazione della commercializzazione del latte (Reg. CE 853\/2004) . E&#8217; senz&#8217;altro opportuno ricordare che il superamento di tale limite non \u00e8 comunque da intendersi come l&#8217;evidenza di un pericolo diretto per il consumo. Si tratta infatti di un indicatore indiretto della maggior probabilit\u00e0 che tra le cause di incremento vi sia la maggior presenza di microrganismi mastitogeni che, in alcuni casi ed in alcune filiere produttive, potrebbero anche aumentare il rischio finale al consumo.<\/p>\n<p> Per quanto riguarda l&#8217;andamento nel corso dell&#8217;anno (grafico seguente) \u00e8 agevole notare che l&#8217;incremento osservato nel corso del 2018 sia attribuibile quasi in toto a valori medi leggermente pi\u00f9 elevati nel periodo primaverile e di inizio estate; per questo parametro \u00e8 del resto noto che l&#8217;andamento climatico ( in particolare piovosit\u00e0 e temperatura elevata) giochino un ruolo importante anche se indiretto: il peggioramento delle condizioni delle lettiere agisce sull&#8217;imbrattamento delle mammelle che facilit\u00e0 l&#8217;infezione mammaria. Nel periodo estivo infine sono le condizioni di caldo estremo che agiscono, complessivamente, sullo stato di benessere, l&#8217;appetito, le condizioni metaboliche delle bovine e si riflettono poi anche sulle condizioni immunitarie degli animali.<\/p>\n<p>Pur rimanendo quindi lontano dal limite legale di 400.000 cellule\/ml la dinamica del parametro conferma la necessit\u00e0 di un costante monitoraggio della situazione. Cosi&#8217; come \u00e8 noto il fatto che per le situazioni di emergenza sono indispensabili interventi rapidi e &#8220;drastici&#8221;, mentre per la normale gestione del parametro siano fondamentali approcci complessivi di tipo &#8220;strutturali&#8221; basati fondamentalmente su:<br \/>\n igiene ambientale, modalit\u00e0 di mungitura, diagnosi e profilassi della mastite in particolare delle forme contagiose e condizioni ambientali di allevamento.<\/p>\n<p> <a href=\"\/pls\/izs_bs\/v3_s2ew_consultazione.fotina?didascalia=&#038;url=%2Fizs_bs%2Fallegati%2F525%2FCelluleMensile0203%2Ejpg&#038;id_pagina=525\" onclick=\"window.open(' \/pls\/izs_bs\/v3_s2ew_consultazione.fotina?didascalia=&#038;url=%2Fizs_bs%2Fallegati%2F525%2FCelluleMensile0203%2Ejpg&#038;id_pagina=525','foto','width=300,height=310,left=80,top=80,scrollbars=no,resizable=yes,');return(false);\" title=\" - clicca per ingrandire\"><img decoding=\"async\" alt=\"\" src=\"\/izs_bs\/allegati\/525\/CelluleMensile0203.jpg\" style=\"width: 350px;\" \/><\/a><br \/>\n Premere sul grafico per ingrandire<\/p>\n<\/p><\/div><\/p>\n","protected":false},"excerpt":{"rendered":"<p>Utilizzate quale indicatore di sanit\u00e0 e benessere mammario, sono uno degli indicatori pi\u00f9 utili e diretti riguardanti le decisioni relative alla gestione aziendale nel suo complesso ed alla profilassi della mastite in particolare. Le cellule somatiche rappresentano inoltre un indicatore indiretto di composizioni indesiderate nei processi di caseificazione ed una delle cause di riduzione dei [&hellip;]<\/p>\n","protected":false},"author":18,"featured_media":0,"parent":30,"menu_order":0,"comment_status":"open","ping_status":"open","template":"","meta":{"ip_address":"","user_agent":"","level":"","revision":"","cookie_id":"","page_referer":"","html_form":""},"_links":{"self":[{"href":"https:\/\/www.izsler.it\/creflatte\/wp-json\/wp\/v2\/pages\/31"}],"collection":[{"href":"https:\/\/www.izsler.it\/creflatte\/wp-json\/wp\/v2\/pages"}],"about":[{"href":"https:\/\/www.izsler.it\/creflatte\/wp-json\/wp\/v2\/types\/page"}],"author":[{"embeddable":true,"href":"https:\/\/www.izsler.it\/creflatte\/wp-json\/wp\/v2\/users\/18"}],"replies":[{"embeddable":true,"href":"https:\/\/www.izsler.it\/creflatte\/wp-json\/wp\/v2\/comments?post=31"}],"version-history":[{"count":0,"href":"https:\/\/www.izsler.it\/creflatte\/wp-json\/wp\/v2\/pages\/31\/revisions"}],"up":[{"embeddable":true,"href":"https:\/\/www.izsler.it\/creflatte\/wp-json\/wp\/v2\/pages\/30"}],"wp:attachment":[{"href":"https:\/\/www.izsler.it\/creflatte\/wp-json\/wp\/v2\/media?parent=31"}],"curies":[{"name":"wp","href":"https:\/\/api.w.org\/{rel}","templated":true}]}}