{"id":33,"date":"2009-03-24T17:04:00","date_gmt":"2009-03-24T16:04:00","guid":{"rendered":"http:\/\/creflatte.izsler-wp.glauco.it\/dati-analitici-qualita-del-latte\/grasso-e-lattosio\/"},"modified":"2009-03-24T17:04:00","modified_gmt":"2009-03-24T16:04:00","slug":"grasso-e-lattosio","status":"publish","type":"page","link":"https:\/\/www.izsler.it\/creflatte\/dati-analitici-qualita-del-latte\/grasso-e-lattosio\/","title":{"rendered":"GRASSO E LATTOSIO"},"content":{"rendered":"<div>\n<p><em>Sono due dei cosiddetti parametri merceologici, determinanti per definire l&#8217;apporto nutritivo del latte e dei prodotti derivati (panna e burro in particolare), nonch\u00e9 elementi fondamentali per il sapore e l&#8217;aroma dei formaggi. La quantit\u00e0 di sostanza grassa e la sua composizione in Acidi Grassi \u00e8 fortemente influenzata dall&#8217;alimentazione delle bovine. A questo proposito val la pena di segnalare che nel corso del 2012 il Laboratorio ha iniziato a determinare in via sperimentale il contenuto in Acidi Grassi (Saturi, Mono e Poli Insaturi) anche sui campioni del Pagamento Latte Qualit\u00e0 con metodica indiretta di screening. Questa determinazione analitica rappresenta un passo verso la qualificazione del prodotto sia dal punto di vista salutistico sia da quello pi\u00f9 prettamente merceologico e dal 2013 viene determinata su espressa richiesta dei Primi Acquirenti come parametro accessorio. Il lattosio costituisce anche un indicatore indiretto per la presenza nel latte di consegna di colostro, latte mastitico o di eventuali aggiunte di acqua da considerare congiuntamente ai parametri Cloruri e Punto di Congelamento.<\/em><\/p>\n<p><a href=\"\/pls\/izs_bs\/v3_s2ew_consultazione.fotina?didascalia=&#038;url=%2Fizs_bs%2Fallegati%2F525%2FGrassoELattosioAnnuale%2Ejpg&#038;id_pagina=525\" onclick=\"window.open(' \/pls\/izs_bs\/v3_s2ew_consultazione.fotina?didascalia=&#038;url=%2Fizs_bs%2Fallegati%2F525%2FGrassoELattosioAnnuale%2Ejpg&#038;id_pagina=525','foto','width=300,height=310,left=80,top=80,scrollbars=no,resizable=yes,');return(false);\" title=\" - clicca per ingrandire\"><img decoding=\"async\" alt=\"\" src=\"\/izs_bs\/allegati\/525\/GrassoELattosioAnnuale.jpg\" style=\"width: 350px;\" \/><\/a><br \/>\n \u00a0<br \/>\n Premere sul grafico per ingrandire<br \/>\n \u00a0<\/p>\n<p>Il valore medio annuale testimonia che, per questi parametri, da tempo si \u00e8 raggiunta una situazione complessivamente costante. Ormai dimenticato nel passato il periodo in cui la produzione di grasso veniva &#8220;volontariamente&#8221; contenuta per il suo effetto sul calcolo della Quota Latte andando per\u00f2 indirettamente a ridurre i potenziali premi e la qualit\u00e0 delle produzioni casearie. Anzi nel corso del 2019 vediamo confermato il progressivo, seppur di limitata entit\u00e0, incremento medio per questo parametro. Aldil\u00e0 delle spesso ingiustificate (e comunque eccessive) avversioni &#8220;salutistiche&#8221; verso questa componente del latte l&#8217;attuale livello testimonia una condizione media ormai consolidata di elevata qualit\u00e0 merceologica e, soprattutto, idonea al tipo di trasformazione casearia principale della nostra regione.<\/p>\n<p> \u00a0<\/p>\n<table border=\"0\" cellpadding=\"0\" cellspacing=\"0\">\n<tbody>\n<tr>\n<td>\u00a0<a href=\"\/pls\/izs_bs\/v3_s2ew_consultazione.fotina?didascalia=&#038;url=%2Fizs_bs%2Fallegati%2F525%2FGrassoMensile0203%2Ejpg&#038;id_pagina=525\" onclick=\"window.open(' \/pls\/izs_bs\/v3_s2ew_consultazione.fotina?didascalia=&#038;url=%2Fizs_bs%2Fallegati%2F525%2FGrassoMensile0203%2Ejpg&#038;id_pagina=525','foto','width=300,height=310,left=80,top=80,scrollbars=no,resizable=yes,');return(false);\" title=\" - clicca per ingrandire\"><img decoding=\"async\" alt=\"\" src=\"\/izs_bs\/allegati\/525\/GrassoMensile0203.jpg\" style=\"width: 350px;\" \/><\/a>\u00a0\u00a0\u00a0<br \/>\n \t\t\tPremere sul grafico per ingrandire\u00a0<\/td>\n<td>\u00a0\u00a0\u00a0<a href=\"\/pls\/izs_bs\/v3_s2ew_consultazione.fotina?didascalia=&#038;url=%2Fizs_bs%2Fallegati%2F525%2FLattosioMensile0203%2Ejpg&#038;id_pagina=525\" onclick=\"window.open(' \/pls\/izs_bs\/v3_s2ew_consultazione.fotina?didascalia=&#038;url=%2Fizs_bs%2Fallegati%2F525%2FLattosioMensile0203%2Ejpg&#038;id_pagina=525','foto','width=300,height=310,left=80,top=80,scrollbars=no,resizable=yes,');return(false);\" title=\" - clicca per ingrandire\"><img decoding=\"async\" alt=\"\" src=\"\/izs_bs\/allegati\/525\/LattosioMensile0203.jpg\" style=\"width: 350px;\" \/><\/a>\u00a0<br \/>\n \t\t\tPremere sul grafico per ingrandire\u00a0<\/td>\n<\/tr>\n<\/tbody>\n<\/table>\n<p>\n Ambedue i parametri mostrano un andamento stagionale sostanzialmente tipico e costante negli ultimi anni. Per il Grasso si osserva la riduzione progressiva con l&#8217;innalzamento delle temperature e la fase di crescita della fine dell&#8217;estate. Sicuramente le differenze tra massimo e minimo son oggi enormemente contenute rispetto a quelle di alcuni decenni fa che portavano ad esempio a concentrare la produzione di alcuni formaggi in alcuni periodi dell&#8217;anno. A ci\u00f2 hanno contribuito sia la selezione degli animali che, soprattutto, i progressi nell&#8217;alimentazione degli stessi ed infine i miglioramenti strutturali e costruttivi delle aziende zootecniche. Come osservato in precedenza questo parametrio \u00e8 forse quello che pi\u00f9 direttamente riflette i cambiamenti climatici essendo il miglior indicatore del rapporto di &#8220;adeguamento&#8221; dei ritmi metabolici delle bovine alle condizioni ambientali.<\/p>\n<p> Un&#8217;eccezione riguarda invece l&#8217;andamento annuale del Lattosio in cui l&#8217;apparente differenza degli ultimi due anni rispetto al 2017 \u00e8 da addebitare quasi completamente a specifiche condizioni di calibrazione degli strumenti che hanno interessato un po&#8217; tutti i laboratori specialistici e quindi tutto il territorio nazionale.<br \/>\n \u00a0<\/div>\n","protected":false},"excerpt":{"rendered":"<p>Sono due dei cosiddetti parametri merceologici, determinanti per definire l&#8217;apporto nutritivo del latte e dei prodotti derivati (panna e burro in particolare), nonch\u00e9 elementi fondamentali per il sapore e l&#8217;aroma dei formaggi. La quantit\u00e0 di sostanza grassa e la sua composizione in Acidi Grassi \u00e8 fortemente influenzata dall&#8217;alimentazione delle bovine. A questo proposito val la [&hellip;]<\/p>\n","protected":false},"author":18,"featured_media":0,"parent":30,"menu_order":0,"comment_status":"open","ping_status":"open","template":"","meta":{"ip_address":"","user_agent":"","level":"","revision":"","cookie_id":"","page_referer":"","html_form":""},"_links":{"self":[{"href":"https:\/\/www.izsler.it\/creflatte\/wp-json\/wp\/v2\/pages\/33"}],"collection":[{"href":"https:\/\/www.izsler.it\/creflatte\/wp-json\/wp\/v2\/pages"}],"about":[{"href":"https:\/\/www.izsler.it\/creflatte\/wp-json\/wp\/v2\/types\/page"}],"author":[{"embeddable":true,"href":"https:\/\/www.izsler.it\/creflatte\/wp-json\/wp\/v2\/users\/18"}],"replies":[{"embeddable":true,"href":"https:\/\/www.izsler.it\/creflatte\/wp-json\/wp\/v2\/comments?post=33"}],"version-history":[{"count":0,"href":"https:\/\/www.izsler.it\/creflatte\/wp-json\/wp\/v2\/pages\/33\/revisions"}],"up":[{"embeddable":true,"href":"https:\/\/www.izsler.it\/creflatte\/wp-json\/wp\/v2\/pages\/30"}],"wp:attachment":[{"href":"https:\/\/www.izsler.it\/creflatte\/wp-json\/wp\/v2\/media?parent=33"}],"curies":[{"name":"wp","href":"https:\/\/api.w.org\/{rel}","templated":true}]}}