{"id":35,"date":"2009-03-24T17:17:00","date_gmt":"2009-03-24T16:17:00","guid":{"rendered":"http:\/\/creflatte.izsler-wp.glauco.it\/dati-analitici-qualita-del-latte\/sporigeni-anaerobi\/"},"modified":"2009-03-24T17:17:00","modified_gmt":"2009-03-24T16:17:00","slug":"sporigeni-anaerobi","status":"publish","type":"page","link":"https:\/\/www.izsler.it\/creflatte\/dati-analitici-qualita-del-latte\/sporigeni-anaerobi\/","title":{"rendered":"SPORIGENI ANAEROBI"},"content":{"rendered":"<div><em>La determinazione di questo parametro tipicamente igienico-merceologico \u00e8 riservata al latte destinato alla produzione di formaggi a lunga stagionatura, in quanto \u00e8 soltanto in questi prodotti che si possono determinare le gravi alterazioni indotte dal metabolismo anaerobio dei Clostridi (Gonfiore Tardivo).<br \/>\n La rilevanza economica di questa alterazione del processo produttivo, giustifica per\u00f2 lo sforzo aggiuntivo realizzato da caseifici e laboratorio per la determinazione di un parametro che, rispetto agli altri, richiede ancora una consistente attivit\u00e0 manuale nella fase di esecuzione ed interpretazione del risultato (Metodo NPM). Recentemente sono state sperimentate metodiche innovative basate su tecnologie biotecnologiche che potrebbero fornire procedure applicabili anche su elevati numeri di campioni decisamente pi\u00f9 precise della metodica tradizionale che risale ormai a molti decenni orsono. Ci\u00f2 che si cerca di ottenere in realt\u00e0 \u00e8 un risultato pi\u00f9 correlato con i danni che poi si determinano nelle forme di formaggio a lunga stagionatura; quindi pi\u00f9 che risultati &#8220;precisi&#8221; si stanno ricercando modalit\u00e0 per fornire risultati pi\u00f9 &#8220;utili&#8221;. Infatti, \u00e8 ormai almeno un decennio che la correlazione tra il risultato delle analisi routinarie eseguite sul latte (sempre pi\u00f9 bassi) e i danni osservati nei lotti di formaggio da esso ottenute \u00e8 sempre pi\u00f9 debole. A ci\u00f2 ha contribuito probabilmente anche il notevole miglioramento igienico complessivo della produzione del latte nel corso dei decenni: quando le contaminazioni erano molto elevate infatti, poco importava quali fossero gli sporigeni coinvolti, il gonfiore tardivo si presentava con una certa puntualit\u00e0 nel corso della stagionatura. Oggi invece le contaminazioni minime che si osservano in media determinano che, a seconda del tipo di clostridio coinvolto ma anche del tipo di formaggio prodotto, si possano osservare sia forme scelte che forme con leggerissime occhiature o veri e propri scarti quasi con la stessa probabilit\u00e0 riducendo quindi in definitiva l&#8217;utilit\u00e0 della determinazione analitica eseguita in laboratorio sul latte di origine parecchi mesi prima.\u00a0<br \/>\n E&#8217; da sottolineare infine che, soprattutto per i prodotti a latte crudo, questo parametro ha anche una valenza sanitaria, seppur non diretta, in quanto in questo gruppo di microrganismi possono rientrare in linea generale anche batteri tossigeni potenzialmente patogeni per l&#8217;uomo.<br \/>\n L&#8217;origine della contaminazione del latte \u00e8, come per gli altri parametri microbiologici, collegata prevalentemente alle pratiche di mungitura e, pi\u00f9 in generale, alle condizioni della lettiera e ancora, ad anomale fermentazioni di alcuni foraggi ed in particolare degli insilati.<\/em><br \/>\n <em>\u00a0<\/em><\/p>\n<p>\n \u00a0<a href=\"\/pls\/izs_bs\/v3_s2ew_consultazione.fotina?didascalia=&#038;url=%2Fizs_bs%2Fallegati%2F525%2FSporigeniAnnuale%2Ejpg&#038;id_pagina=525\" onclick=\"window.open(' \/pls\/izs_bs\/v3_s2ew_consultazione.fotina?didascalia=&#038;url=%2Fizs_bs%2Fallegati%2F525%2FSporigeniAnnuale%2Ejpg&#038;id_pagina=525','foto','width=300,height=310,left=80,top=80,scrollbars=no,resizable=yes,');return(false);\" title=\" - clicca per ingrandire\"><img decoding=\"async\" alt=\"\" src=\"\/izs_bs\/allegati\/525\/SporigeniAnnuale.jpg\" style=\"width: 350px;\" \/><\/a><br \/>\n Premere sul grafico per ingrandire<br \/>\n \u00a0<\/p>\n<\/p>\n<p><a href=\"\/pls\/izs_bs\/v3_s2ew_consultazione.fotina?didascalia=&#038;url=%2Fizs_bs%2Fallegati%2F525%2FSporigeniMensile0203%2Ejpg&#038;id_pagina=525\" onclick=\"window.open(' \/pls\/izs_bs\/v3_s2ew_consultazione.fotina?didascalia=&#038;url=%2Fizs_bs%2Fallegati%2F525%2FSporigeniMensile0203%2Ejpg&#038;id_pagina=525','foto','width=300,height=310,left=80,top=80,scrollbars=no,resizable=yes,');return(false);\" title=\" - clicca per ingrandire\"><img decoding=\"async\" alt=\"\" src=\"\/izs_bs\/allegati\/525\/SporigeniMensile0203.jpg\" style=\"width: 350px;\" \/><\/a><br \/>\n \u00a0<br \/>\n Premere sul grafico per ingrandire<br \/>\n \u00a0<\/p>\n<p>Quello che potrebbe apparire come un ulteriore significativo miglioramento del livello medio di contaminazione del latte negli ultimi anni, rispetto a quello gi\u00e0 decisamente soddisfacente dell&#8217;ultimo decennio si presta in realt\u00e0 a qualche considerazione prudenziale. Tenendo conto del fatto che, anche in questo caso, la base degli allevamenti controllati varia di anno in anno e che, alcuni dei caseifici pi\u00f9 &#8220;performanti&#8221; hanno raddoppiato negli ultimi anni le determinazioni analitiche richieste mensilmente al laboratorio (con effetti riduttivi sulle medie mensili ed annuali). Tenendo conto anche del fatto che il livello sempre pi\u00f9 elevato di condizioni igieniche di produzione e conservazione del latte trascina al ribasso anche la componente microbica relativa alle spore di Clostridi (anche se in modo decisamente non costante e diretto). Il livello osservato di recente appare &#8220;strano&#8221; cio\u00e8 eccessivamente basso rispetto a quella che sembra essere la problematica casearia attuale. Purtroppo, i fattori in gioco che potrebbero spiegare il fenomeno sono davvero tanti e decisamente complessi: dalle caratteristiche ambientali di allevamento e nutrizione delle bovine, alla mungitura e conservazione del latte, alle procedure di trattamento del latte e di caseificazione, a quelle ambientali di caseificio fino ovviamente alle metodiche analitiche di laboratorio.\u00a0 Difficile in sintesi comprendere se ci troviamo di fronte ad una reale riduzione generalizzata delle spore presenti nel latte, oppure ad una graduale diffusione e prevalenza di microrganismi sporigeni con minor reattivit\u00e0 a livello analitico ma maggior dannosit\u00e0 nei formaggi (ad esempio Cl. tyrobutirricum). Si deve per\u00f2 anche pensare alle graduali modifiche che i classici prodotti a lunga stagionatura della nostra area geografica hanno subito rispetto a decenni fa (composizione, acidificazione, consistenza, curve di stagionatura etc.). Anche in questo caso non si possono trascurare le mutate condizioni climatiche che, sia in allevamento che in caseificio, possono incidere su questo tipo di contaminazione (polverosit\u00e0 ambienti, umidit\u00e0, tipi di lettiera etc. etc.). L&#8217;andamento nel corso dell&#8217;annata conferma del resto che non ci troviamo di fronte ad un fenomeno occasionale o periodico collegabile a particolari situazioni stagionali, ma eventualmente ad uno dei tanti effetti ancora sconosciuti del complessivo cambiamento climatico dell&#8217;area geografica interessata.<\/p>\n<p> In sintesi (e senza certezze) riteniamo di trovarci di fronte ad un fenomeno sicuramente significativo che desta interesse e necessita di approfondimento, ma verso il quale non sembra esserci una spiegazione univoca, semplice e risolutiva. Riteniamo particolarmente interessante approfondire le nozioni in merito anche alla luce del fatto che \u00e8 proprio questo il parametro su cui maggiormente ci si sta concentrando per importanti decisioni relative a modifiche del processo produttivo del Grana Padano. Sebbene da un punto di vista tecnico l&#8217;applicazione routinaria di metodiche innovative sia gi\u00e0 possibile (con costi per\u00f2 superiori) ci\u00f2 che ancora manca \u00e8 la decisione di un &#8220;salto nel buio&#8221; vale a dire un passaggio innovativo senza per\u00f2 pretendere di mantenere i riferimenti storico-tradizionali ai quali quasi un secolo di metodica MPN hanno abituato gli operatori del settore. Del resto con l&#8217;aumentare dei costi produttivi generati dalle problematiche di gonfiore, appare sempre pi\u00f9 difficoltoso accettare di affidarsi a determinazioni analitiche, magari pi\u00f9 precise, ma non ancora testate e collaudate per quanto riguarda il loro collegamento con i problemi di caseificazione.<\/p>\n<\/p><\/div>\n","protected":false},"excerpt":{"rendered":"<p>La determinazione di questo parametro tipicamente igienico-merceologico \u00e8 riservata al latte destinato alla produzione di formaggi a lunga stagionatura, in quanto \u00e8 soltanto in questi prodotti che si possono determinare le gravi alterazioni indotte dal metabolismo anaerobio dei Clostridi (Gonfiore Tardivo). La rilevanza economica di questa alterazione del processo produttivo, giustifica per\u00f2 lo sforzo aggiuntivo [&hellip;]<\/p>\n","protected":false},"author":18,"featured_media":0,"parent":30,"menu_order":0,"comment_status":"open","ping_status":"open","template":"","meta":{"ip_address":"","user_agent":"","level":"","revision":"","cookie_id":"","page_referer":"","html_form":""},"_links":{"self":[{"href":"https:\/\/www.izsler.it\/creflatte\/wp-json\/wp\/v2\/pages\/35"}],"collection":[{"href":"https:\/\/www.izsler.it\/creflatte\/wp-json\/wp\/v2\/pages"}],"about":[{"href":"https:\/\/www.izsler.it\/creflatte\/wp-json\/wp\/v2\/types\/page"}],"author":[{"embeddable":true,"href":"https:\/\/www.izsler.it\/creflatte\/wp-json\/wp\/v2\/users\/18"}],"replies":[{"embeddable":true,"href":"https:\/\/www.izsler.it\/creflatte\/wp-json\/wp\/v2\/comments?post=35"}],"version-history":[{"count":0,"href":"https:\/\/www.izsler.it\/creflatte\/wp-json\/wp\/v2\/pages\/35\/revisions"}],"up":[{"embeddable":true,"href":"https:\/\/www.izsler.it\/creflatte\/wp-json\/wp\/v2\/pages\/30"}],"wp:attachment":[{"href":"https:\/\/www.izsler.it\/creflatte\/wp-json\/wp\/v2\/media?parent=35"}],"curies":[{"name":"wp","href":"https:\/\/api.w.org\/{rel}","templated":true}]}}