{"id":32,"date":"2025-06-05T12:00:00","date_gmt":"2025-06-05T10:00:00","guid":{"rendered":"http:\/\/crnl.izsler-wp.glauco.it\/attivita\/ring-test\/"},"modified":"2025-06-20T12:48:49","modified_gmt":"2025-06-20T10:48:49","slug":"ring-test","status":"publish","type":"page","link":"https:\/\/www.izsler.it\/crnl\/attivita\/ring-test\/","title":{"rendered":"Ring test"},"content":{"rendered":"<p>Il Centro organizza circuiti interlaboratorio, tra gli Istituti Zooprofilattici Sperimentali, per le seguenti prove:<\/p>\n<ul>\n<li>Prova sierologica di agglutinazione microscopica (MAT) per la ricerca di anticorpi anti &#8211; <em>Leptospira<\/em>;<\/li>\n<li>Ricerca di leptospire patogene in campioni biologici tramite PCR.<\/li>\n<\/ul>\n<p>Ognuno dei due circuiti \u00e8 organizzato a anni alterni: l&#8217;obiettivo generale \u00e8 quello di fornire ai partecipanti informazioni sullo standard di qualit\u00e0 di esecuzione delle prove nell&#8217;ottica di un miglioramento continuo delle prestazioni.<\/p>\n<p>Di seguito i collegamenti ai report finali degli ultimi ring test.<\/p>\n<ul>\n<li><a href=\"https:\/\/www.izsler.it\/crnl\/wp-content\/uploads\/sites\/12\/2025\/06\/Report_RT_MAT_2025.pdf\" target=\"_blank\" rel=\"noopener\">Report anno 2025<\/a><\/li>\n<li><a href=\"https:\/\/www.izsler.it\/crnl\/wp-content\/uploads\/sites\/12\/2025\/06\/Report_RT_PCR_2024.pdf\" target=\"_blank\" rel=\"noopener\">Report anno 2024<\/a><\/li>\n<li><a href=\"https:\/\/www.izsler.it\/crnl\/wp-content\/uploads\/sites\/12\/2025\/06\/Report_RT_MAT_2023.pdf\" target=\"_blank\" rel=\"noopener\">Report anno 2023<\/a><\/li>\n<li><a href=\"https:\/\/www.izsler.it\/crnl\/wp-content\/uploads\/sites\/12\/2025\/06\/Report_RT_PCR_2022.pdf\" target=\"_blank\" rel=\"noopener\">Report anno 2022<\/a><\/li>\n<li><a href=\"https:\/\/www.izsler.it\/crnl\/wp-content\/uploads\/sites\/12\/2025\/06\/Report_RT_MAT_2021.pdf\" target=\"_blank\" rel=\"noopener\">Report anno 2021<\/a><\/li>\n<\/ul>\n","protected":false},"excerpt":{"rendered":"<p>Il Centro organizza circuiti interlaboratorio, tra gli Istituti Zooprofilattici Sperimentali, per le seguenti prove: Prova sierologica di agglutinazione microscopica (MAT) per la ricerca di anticorpi anti &#8211; Leptospira; Ricerca di leptospire patogene in campioni biologici tramite PCR. Ognuno dei due circuiti \u00e8 organizzato a anni alterni: l&#8217;obiettivo generale \u00e8 quello di fornire ai partecipanti informazioni [&hellip;]<\/p>\n","protected":false},"author":18,"featured_media":2063,"parent":9,"menu_order":0,"comment_status":"open","ping_status":"open","template":"","meta":{"ip_address":"","user_agent":"","level":"","revision":"","cookie_id":"","page_referer":"","html_form":""},"_links":{"self":[{"href":"https:\/\/www.izsler.it\/crnl\/wp-json\/wp\/v2\/pages\/32"}],"collection":[{"href":"https:\/\/www.izsler.it\/crnl\/wp-json\/wp\/v2\/pages"}],"about":[{"href":"https:\/\/www.izsler.it\/crnl\/wp-json\/wp\/v2\/types\/page"}],"author":[{"embeddable":true,"href":"https:\/\/www.izsler.it\/crnl\/wp-json\/wp\/v2\/users\/18"}],"replies":[{"embeddable":true,"href":"https:\/\/www.izsler.it\/crnl\/wp-json\/wp\/v2\/comments?post=32"}],"version-history":[{"count":18,"href":"https:\/\/www.izsler.it\/crnl\/wp-json\/wp\/v2\/pages\/32\/revisions"}],"predecessor-version":[{"id":2066,"href":"https:\/\/www.izsler.it\/crnl\/wp-json\/wp\/v2\/pages\/32\/revisions\/2066"}],"up":[{"embeddable":true,"href":"https:\/\/www.izsler.it\/crnl\/wp-json\/wp\/v2\/pages\/9"}],"wp:featuredmedia":[{"embeddable":true,"href":"https:\/\/www.izsler.it\/crnl\/wp-json\/wp\/v2\/media\/2063"}],"wp:attachment":[{"href":"https:\/\/www.izsler.it\/crnl\/wp-json\/wp\/v2\/media?parent=32"}],"curies":[{"name":"wp","href":"https:\/\/api.w.org\/{rel}","templated":true}]}}